 number?
False
Is 39376067 a prime number?
True
Is 512269 a prime number?
True
Is 34160641 a composite number?
False
Is 1771877 composite?
False
Is 157051163 a prime number?
False
Is 7380071 a composite number?
True
Is 443480447 a prime number?
False
Is 4372037 prime?
True
Is 16618283 a composite number?
True
Is 11423759 composite?
False
Is 954911 prime?
True
Is 163067 a prime number?
False
Is 8718257 composite?
True
Is 5345923 a composite number?
True
Is 9293801 composite?
True
Is 209645441 a composite number?
True
Is 21596413 composite?
True
Is 10298983 composite?
False
Is 22490603 prime?
False
Is 2850521 a prime number?
False
Is 19482899 a composite number?
False
Is 200012023 composite?
True
Is 203620205 a prime number?
False
Is 14310773 a composite number?
False
Is 169361923 a composite number?
False
Is 19746017 a prime number?
True
Is 31194131 composite?
True
Is 46729 prime?
False
Is 612701 a prime number?
False
Is 3151339 a composite number?
True
Is 7175013 prime?
False
Is 715943 prime?
True
Is 2310137 prime?
True
Is 2149331 a composite number?
False
Is 216927341 prime?
True
Is 4990767 prime?
False
Is 454339241 a composite number?
False
Is 9830713 a composite number?
False
Is 47400277 composite?
False
Is 1080119 prime?
True
Is 3302917 a prime number?
True
Is 193581343 composite?
False
Is 89017541 prime?
True
Is 64669 a prime number?
False
Is 12402323 prime?
False
Is 128522561 prime?
True
Is 193429 composite?
True
Is 1403387 composite?
True
Is 15669551 prime?
True
Is 166851983 a composite number?
True
Is 2103533 prime?
False
Is 640254997 composite?
True
Is 158131063 a prime number?
True
Is 578200769 composite?
False
Is 46290241 a prime number?
False
Is 5807 a composite number?
False
Is 177873235 prime?
False
Is 27427867 a composite number?
False
Is 42299527 prime?
False
Is 258418 a composite number?
True
Is 244139551 a prime number?
False
Is 3121109 prime?
True
Is 10310869 composite?
False
Is 14519917 a composite number?
False
Is 2063107 prime?
True
Is 43908281 a composite number?
False
Is 20904293 composite?
False
Is 61438003 a prime number?
False
Is 235301839 a composite number?
False
Is 6314611 a composite number?
False
Is 42849767 a prime number?
True
Is 466270599 prime?
False
Is 2439139 composite?
True
Is 368643373 a prime number?
False
Is 7523561 a composite number?
False
Is 10844167 a prime number?
True
Is 619853 a prime number?
False
Is 3970391 a composite number?
True
Is 909689 a prime number?
False
Is 24197191 prime?
False
Is 34555609 prime?
False
Is 12884041 a prime number?
True
Is 40745909 prime?
False
Is 6915979 a composite number?
True
Is 5855623 a prime number?
True
Is 1221079 composite?
False
Is 18300353 composite?
False
Is 5195669 a prime number?
False
Is 2756749 a composite number?
False
Is 1161851 composite?
False
Is 10464109 a prime number?
False
Is 20426593 prime?
False
Is 235979 prime?
True
Is 5825793 prime?
False
Is 370721 a composite number?
True
Is 230707903 a prime number?
True
Is 37305787 a composite number?
True
Is 3346441 a composite number?
True
Is 20926177 a prime number?
False
Is 67537169 a composite number?
True
Is 3323695 prime?
False
Is 1736951 a prime number?
True
Is 19672573 prime?
True
Is 122948899 prime?
True
Is 179003 a prime number?
False
Is 1137923 composite?
True
Is 11534961 a prime number?
False
Is 3209911 composite?
True
Is 48914477 composite?
True
Is 43841443 a composite number?
True
Is 4100207 composite?
False
Is 67324997 prime?
False
Is 5822077 a composite number?
False
Is 659563 a prime number?
True
Is 10358057 prime?
True
Is 39831227 a prime number?
True
Is 491963489 prime?
True
Is 258407 a prime number?
True
Is 168191827 a prime number?
True
Is 207426389 composite?
False
Is 938495 composite?
True
Is 1591361 a composite number?
True
Is 156467 prime?
True
Is 10909913 a composite number?
True
Is 5127099 prime?
False
Is 25073219 composite?
False
Is 1545549613 composite?
False
Is 89428403 a prime number?
True
Is 174799349 a composite number?
False
Is 61405489 a prime number?
False
Is 644617763 composite?
False
Is 338119 composite?
False
Is 18164479 prime?
True
Is 4403803 composite?
False
Is 579655 a prime number?
False
Is 3825807 a prime number?
False
Is 16772281 composite?
False
Is 267881203 a prime number?
False
Is 43153031 composite?
False
Is 421225135 composite?
True
Is 127208759 a prime number?
True
Is 652661747 a prime number?
False
Is 414002905 composite?
True
Is 88213309 prime?
True
Is 17935537 a composite number?
False
Is 594534157 a composite number?
True
Is 1446113 a prime number?
True
Is 2720551 composite?
False
Is 11300477 a prime number?
True
Is 23780351 prime?
False
Is 775627247 prime?
True
Is 43944091 composite?
False
Is 62425403 a prime number?
True
Is 25601801 composite?
False
Is 5809 composite?
True
Is 895211 a composite number?
False
Is 346537 a prime number?
False
Is 42213089 prime?
True
Is 124291 a prime number?
True
Is 1848997 prime?
True
Is 291251 a composite number?
True
Is 5386349 a prime number?
False
Is 347267929 prime?
True
Is 1787827 prime?
True
Is 35173193 a composite number?
True
Is 4468661 prime?
True
Is 2777473 a prime number?
True
Is 1580221 a composite number?
True
Is 33726499 prime?
False
Is 76391317 composite?
False
Is 1297027 composite?
False
Is 737977 a composite number?
True
Is 5671361 a prime number?
True
Is 382706789 a composite number?
False
Is 92471542 prime?
False
Is 49974961 prime?
False
Is 15184471 a composite number?
False
Is 59820913 a composite number?
True
Is 2484827 a composite number?
False
Is 363431041 a prime number?
True
Is 38900473 a prime number?
False
Is 846823 a prime number?
True
Is 15047129 composite?
True
Is 913907 a composite number?
False
Is 5591819 a composite number?
False
Is 864371 composite?
True
Is 60166853 a prime number?
False
Is 122584717 prime?
False
Is 9537581 prime?
True
Is 169256713 composite?
False
Is 1119929 a prime number?
False
Is 259593 a composite number?
True
Is 15009923 a prime number?
True
Is 691121 a prime number?
True
Is 733022 prime?
False
Is 398591 a composite number?
False
Is 14711911 composite?
False
Is 22266077 prime?
False
Is 145861 a composite number?
False
Is 2580133 composite?
True
Is 2059181 prime?
True
Is 30475739 prime?
False
Is 36417503 composite?
True
Is 2851577 prime?
False
Is 8444489 a composite number?
True
Is 21101109 composite?
True
Is 357007187 a prime number?
True
Is 708922 prime?
False
Is 4839221 a prime number?
False
Is 392856097 composite?
True
Is 234886391 prime?
True
Is 7865189 a prime number?
False
Is 11473729 a composite number?
False
Is 1517767 prime?
False
Is 34452877 a prime number?
False
Is 2644247 a prime number?
True
Is 2207501 composite?
True
Is 6541097 a prime number?
True
Is 8250263 a composite number?
True
Is 2630701 composite?
True
Is 126035782 prime?
False
Is 149483 a prime number?
False
Is 38188471 a composite number?
True
Is 319083671 prime?
False
Is 38041403 a prime number?
True
Is 247387615 composite?
True
Is 34102069 prime?
True
Is 125071549 a composite number?
True
Is 41628883 composite?
False
Is 177518753 composite?
False
Is 304743 a composite number?
True
Is 16870445 prime?
False
Is 1144765 composite?
True
Is 106637 a prime number?
True
Is 381427 a composite number?
True
Is 5592127 composite?
False
Is 3980411 prime?
False
Is 33739 a prime number?
True
Is 30562761 prime?
False
Is 329717345 a composite number?
True
Is 11420663 a composite number?
False
Is 100402871 composite?
False
Is 430575263 a composite number?
False
Is 234028121 a prime number?
True
Is 32223193 prime?
False
Is 1491361 prime?
False
Is 5072521 a prime number?
False
Is 5551999 prime?
True
Is 196517605 composite?
True
Is 51047779 a composite number?
False
Is 29407013 prime?
True
Is 203834419 composite?
False
Is 49490563 composite?
True
Is 17652685 composite?
True
Is 4789409 prime?
True
Is 20211313 a composite number?
True
Is 437219 composite?
False
Is 16251427 a prime number?
False
Is 128247857 composite?
True
Is 5709269 composite?
False
Is 560411 a composite number?
False
Is 155554343 a prime number?
False
Is 484454447 prime?
True
Is 7309481 prime?
False
Is 8193379 prime?
False
Is 260835229 a prime number?
True
Is 20988341 a composite number?
True
Is 30446305 prime?
False
Is 179652721 com